?
8
What is the ten thousands digit of 106941?
0
What is the units digit of 1737?
7
What is the units digit of 176?
6
What is the units digit of 994?
4
What is the hundreds digit of 14261?
2
What is the hundreds digit of 117?
1
What is the thousands digit of 5958?
5
What is the tens digit of 21730?
3
What is the hundreds digit of 862?
8
What is the units digit of 4666?
6
What is the thousands digit of 3761?
3
What is the units digit of 52450?
0
What is the thousands digit of 8016?
8
What is the hundreds digit of 5681?
6
What is the hundred thousands digit of 152037?
1
What is the thousands digit of 57720?
7
What is the thousands digit of 4781?
4
What is the thousands digit of 39643?
9
What is the thousands digit of 16246?
6
What is the hundreds digit of 568?
5
What is the thousands digit of 62819?
2
What is the hundreds digit of 1975?
9
What is the thousands digit of 1512?
1
What is the hundreds digit of 4935?
9
What is the thousands digit of 3179?
3
What is the ten thousands digit of 26919?
2
What is the hundreds digit of 10386?
3
What is the tens digit of 6823?
2
What is the units digit of 1038?
8
What is the thousands digit of 119903?
9
What is the hundreds digit of 3335?
3
What is the units digit of 533?
3
What is the thousands digit of 8846?
8
What is the hundreds digit of 60837?
8
What is the thousands digit of 2591?
2
What is the units digit of 12836?
6
What is the tens digit of 3778?
7
What is the units digit of 693?
3
What is the thousands digit of 2165?
2
What is the hundreds digit of 8612?
6
What is the thousands digit of 62393?
2
What is the thousands digit of 5391?
5
What is the hundreds digit of 7728?
7
What is the hundreds digit of 1273?
2
What is the ten thousands digit of 10198?
1
What is the thousands digit of 10104?
0
What is the hundreds digit of 53084?
0
What is the tens digit of 153?
5
What is the units digit of 6587?
7
What is the hundreds digit of 4020?
0
What is the hundreds digit of 680?
6
What is the hundreds digit of 250?
2
What is the units digit of 3054?
4
What is the tens digit of 9088?
8
What is the ten thousands digit of 29914?
2
What is the units digit of 62378?
8
What is the units digit of 4749?
9
What is the hundreds digit of 36464?
4
What is the units digit of 18481?
1
What is the tens digit of 125?
2
What is the hundreds digit of 9779?
7
What is the tens digit of 33064?
6
What is the hundreds digit of 32724?
7
What is the thousands digit of 13580?
3
What is the tens digit of 13?
1
What is the hundreds digit of 1843?
8
What is the hundreds digit of 157?
1
What is the hundreds digit of 285?
2
What is the thousands digit of 2249?
2
What is the hundreds digit of 890?
8
What is the hundreds digit of 7929?
9
What is the thousands digit of 8778?
8
What is the thousands digit of 9130?
9
What is the units digit of 4683?
3
What is the ten thousands digit of 30713?
3
What is the units digit of 10665?
5
What is the tens digit of 1873?
7
What is the hundreds digit of 4237?
2
What is the units digit of 60164?
4
What is the units digit of 5646?
6
What is the units digit of 29431?
1
What is the units digit of 6559?
9
What is the hundreds digit of 948?
9
What is the units digit of 331?
1
What is the tens digit of 4283?
8
What is the hundreds digit of 91126?
1
What is the units digit of 961?
1
What is the hundreds digit of 753?
7
What is the hundreds digit of 933?
9
What is the units digit of 74413?
3
What is the hundreds digit of 6096?
0
What is the tens digit of 4530?
3
What is the thousands digit of 21453?
1
What is the tens digit of 1685?
8
What is the tens digit of 7606?
0
What is the units digit of 25?
5
What is the tens digit of 13201?
0
What is the tens digit of 11404?
0
What is the tens digit of 255?
5
What is the units digit of 2967?
7
What is the thousands digit of 4209?
4
What is the hundreds digit of 4918?
9
What is the tens digit of 801?
0
What is the units digit of 1837?
7
What is the hundreds digit of 1134?
1
What is the units digit of 2539?
9
What is the hundreds digit of 2038?
0
What is the hundreds digit of 635?
6
What is the units digit of 57712?
2
What is the tens digit of 500?
0
What is the tens digit of 4370?
7
What is the hundred thousands digit of 123401?
1
What is the thousands digit of 1455?
1
What is the hundreds digit of 9460?
4
What is the thousands digit of 1896?
1
What is the units digit of 2731?
1
What is the tens digit of 2354?
5
What is the tens digit of 156547?
4
What is the units digit of 7921?
1
What is the hundreds digit of 13950?
9
What is the tens digit of 5758?
5
What is the ten thousands digit of 13182?
1
What is the hundreds digit of 1740?
7
What is the hundreds digit of 811?
8
What is the units digit of 2564?
4
What is the units digit of 725?
5
What is the units digit of 30911?
1
What is the units digit of 43?
3
What is the units digit of 18262?
2
What is the thousands digit of 1279?
1
What is the units digit of 6345?
5
What is the units digit of 79281?
1
What is the hundreds digit of 58498?
4
What is the thousands digit of 1793?
1
What is the thousands digit of 15113?
5
What is the units digit of 9589?
9
What is the tens digit of 35202?
0
What is the ten thousands digit of 21604?
2
What is the tens digit of 95?
9
What is the thousands digit of 4195?
4
What is the hundreds digit of 2364?
3
What is the ten thousands digit of 32170?
3
What is the tens digit of 4075?
7
What is the thousands digit of 4534?
4
What is the units digit of 44761?
1
What is the hundred thousands digit of 172027?
1
What is the hundreds digit of 706?
7
What is the hundreds digit of 7551?
5
What is the ten thousands digit of 39052?
3
What is the thousands digit of 2329?
2
What is the hundreds digit of 332?
3
What is the units digit of 794?
4
What is the thousands digit of 3293?
3
What is the hundreds digit of 545?
5
What is the tens digit of 141776?
7
What is the thousands digit of 2419?
2
What is the tens digit of 38893?
9
What is the units digit of 7438?
8
What is the tens digit of 624?
2
What is the thousands digit of 5434?
5
What is the hundreds digit of 671?
6
What is the tens digit of 73903?
0
What is the hundreds digit of 1414?
4
What is the tens digit of 2906?
0
What is the units digit of 32288?
8
What is the hundreds digit of 25308?
3
What is the ten thousands digit of 66328?
6
What is the tens digit of 38524?
2
What is the tens digit of 78?
7
What is the hundreds digit of 2904?
9
What is the tens digit of 3821?
2
What is the hundreds digit of 22646?
6
What is the tens digit of 62351?
5
What is the hundreds digit of 5621?
6
What is the units digit of 13404?
4
What is the tens digit of 44798?
9
What is the units digit of 3862?
2
What is the units digit of 8876?
6
What is the tens digit of 256?
5
What is the ten thousands digit of 20370?
2
What is the thousands digit of 1309?
1
What is the tens digit of 5159?
5
What is the units digit of 9317?
7
What is the thousands digit of 42042?
2
What is the units digit of 2806?
6
What is the hundreds digit of 31807?
8
What is the hundred thousands digit of 135935?
1
What is the thousands digit of 31451?
1
What is the tens digit of 1734?
3
What is the thousands digit of 18126?
8
What is the hundreds digit of 1833?
8
What is the ten thousands digit of 15665?
1
What is the hundreds digit of 732?
7
What is the hundreds digit of 7623?
6
What is the units digit of 599?
9
What is the hundreds digit of 9073?
0
What is the thousands digit of 5242?
5
What is the tens digit of 1397?
9
What is the units digit of 1496?
6
What is the tens digit of 29102?
0
What is the thousands digit of 3890?
3
What is the units digit of 900?
0
What is the units digit of 9230?
0
What is the ten thousands digit of 58783?
5
What is the ten thousands digit of 120150?
2
What is the tens digit of 6325?
2
What is the ten thousands digit of 72149?
7
What is the tens digit of 3219?
1
What is the hundreds digit of 4040?
0
What is the tens digit of 1928?
2
What is the thousands digit of 1320?
1
What is the units digit of 2757?
7
What is the ten thousands digit of 93622?
9
What is the hundreds digit of 1153?
1
What is the units digit of 1015?
5
What is the tens digit of 1672?
7
What is the ten thousands digit of 47701?
4
What is the thousands digit of 1373?
1
What is the thousands digit of 4003?
4
W